 What is the hundreds digit of n?
6
Suppose 5*n - 10*n + 9035 = 0. What is the tens digit of n?
0
Suppose -801*p + 400*p - 27114 = -404*p. What is the hundreds digit of p?
0
What is the hundreds digit of 1/((-5)/42)*(-231440)/132?
7
Let x = -195 - -518. What is the tens digit of x/(-1)*(16 + -17)?
2
Let u be 1856/(-48)*6/20*-55. Suppose -2*o + u + 1022 = -5*s, -4*o + 5*s + 3300 = 0. What is the units digit of o?
0
Let h(i) = -i**3 - i**2 - 2*i - 1. Let l(m) = m**3 + 2*m**2 + 3*m + 227. Let n(v) = 4*h(v) + 2*l(v). What is the tens digit of n(0)?
5
Let o(n) = 116*n**2 - n - 3. Let y(t) = t + 6. Let c be y(-14). Let m be 50/(-80) - (-3)/c. What is the units digit of o(m)?
4
Let x be (238/10)/(22/110). Let h = x + 265. What is the tens digit of h?
8
Let y(r) = r**3 - 12*r**2 + 14. Let p be y(12). Suppose -5*d + p + 1 = 0. Suppose 4*q - 5*a - 153 + 39 = 0, 76 = d*q + a. What is the tens digit of q?
2
Let f = -87748 - -152139. What is the tens digit of f?
9
Let m = -7 + 9. Suppose -m*b - 6 = 0, 6*l + 4*b = 4*l + 578. What is the hundreds digit of l?
2
Suppose 248*m + 154*m - 3310666 = 5127716. What is the thousands digit of m?
0
Suppose 0 = 4*n + 12, -3*a + 7*n = 12*n - 24483. What is the thousands digit of a?
8
Let s = 817 + 805. Suppose 7*j - 3*j = 5*l - s, -2*j = 4*l - 1282. What is the tens digit of l?
2
What is the units digit of (-220518)/(-10) - (-981)/(-545)?
0
Suppose 5*m - 47 + 7 = 0. Suppose -7*y - m = -3*y. What is the units digit of ((-148)/3)/(y/3)?
4
Suppose -7*m - 51030 = -14*m. Suppose 0 = -20*j - 2950 + m. What is the tens digit of j?
1
Suppose 5*v - m - 422 = 0, 2*v - 12*m = -3*m + 143. Let c(t) = 159*t + 1. Let d be c(2). Let g = d - v. What is the hundreds digit of g?
2
Suppose u = 5, -2*u = -4*f - u + 30043. Suppose 20*v - f = 8*v. What is the units digit of v?
6
What is the units digit of (162*-11 - 4)*2562/(-84)?
3
Let o(y) = 153*y + 1596. What is the thousands digit of o(75)?
3
Let c(h) = h**3 + 30*h**2 + 31*h + 83. Let r be c(-30). Let q = r + 1437. What is the units digit of q?
0
Suppose -3*u + 12 = 0, -5*u - 51656 - 136382 = -3*d. What is the ten thousands digit of d?
6
Let j(u) = -172*u + 171. Let p be j(-10). What is the thousands digit of p/(2/(-8) - (-5)/4)?
1
Suppose 1040*p + 461304 = 1058*p. What is the thousands digit of p?
5
What is the tens digit of 2/11 + 1151712/176?
4
Let r(v) = v + 20. Let a be r(-17). Suppose a*z - 8 = -z. Suppose 3*y + 4*s = s + 45, -z*s = 2. What is the tens digit of y?
1
Suppose 9 = 3*z + 15. Let l be (-16)/(-28)*(-7)/z. Suppose -3*j + 21 = -l*i + 62, 4*i - 73 = -3*j. What is the tens digit of i?
1
Let y be (-10878)/15 + 6/5. Let q = y - -1248. What is the hundreds digit of q?
5
Suppose -5*r = -12196 - 26609. What is the units digit of r?
1
Let l be (-12)/9*126/(-8). What is the hundreds digit of l + -23 + 238 + (-4)/2?
2
Let f(s) be the first derivative of 7*s**2/2 + s + 20. Let h be f(1). What is the tens digit of ((-262)/3)/(h/(-12))?
3
Suppose -2*y + 50879 = v, 33*v - 34*v + 50899 = -2*y. What is the thousands digit of v?
0
Let u(t) = -3*t - 7. Let b(y) = -4*y - 6. Let i(m) = 4*b(m) - 5*u(m). Let j be i(2). Suppose 2*c = 3 + j. What is the units digit of c?
6
Let p be (9/6)/((-3)/(-6)). What is the units digit of p/(4 - 1975/495)?
7
Let d = 3669 - -2476. What is the units digit of d?
5
Let y(p) = 334*p + 6. What is the hundreds digit of y(17)?
6
Suppose g + 3*i - 4477 = 0, -2*g + 12969 = -i + 4043. What is the tens digit of g?
6
Let s = 737 - -958. Suppose -2*c + s = 3*p + 2*p, -3*p + c = -1028. What is the tens digit of p?
4
Let n(k) = 38*k**2 - k + 6. Let i be n(2). What is the units digit of (-2 - 85/(-20))/(1/i)?
1
Suppose 0*a + a - 3 = 0, -4*a - 23288 = -4*o. Suppose 2*w = 7*w - o. What is the hundreds digit of w?
1
Let v = -434 + 419. What is the thousands digit of (1596/(-16))/(v/160)?
1
Let w(v) be the second derivative of v**5/30 - 3*v**4/8 + 2*v**3 + 7*v**2 + 3*v. Let t(n) be the first derivative of w(n). What is the units digit of t(7)?
7
What is the hundreds digit of ((232428/6)/((-16)/(-6) + -3))/(-2)?
1
Let j be (-6)/(-24) + (-2733)/(-12) - 2. Suppose 4*b - j = 926. What is the units digit of b?
8
Let g = -13 + 30. Let j(r) be the third derivative of 7*r**4/12 - 17*r**3/6 + 2833*r**2. What is the units digit of j(g)?
1
Suppose 234*r = 248*r - 139818. What is the thousands digit of r?
9
Let c = 31 - 19. Let v = -8 + c. Suppose 0 = 5*w - 4*a - 151, w - v*a - a = 26. What is the tens digit of w?
3
Suppose 355702 - 1058410 = -186*y. What is the hundreds digit of y?
7
Suppose -150*k - 766946 = -232*k. What is the thousands digit of k?
9
Suppose 8*r - 42*r + 201382 = 0. What is the tens digit of r?
2
Let m = 84 + -84. Suppose 5*k - 128 - 352 = m. What is the units digit of k?
6
Let k = -2612 - -7151. What is the units digit of k?
9
Suppose 0 = k - w + 2 + 5, k + 13 = -2*w. Let c be (-12)/(k/3)*2. Suppose c*y = 10*y - 80. What is the tens digit of y?
4
Let w be (-9)/((-378)/12) - (-36)/21. Suppose 3*j + w*a - 2395 = 0, 2*a + 2*a = -j + 785. What is the units digit of j?
1
Let f(q) = 3*q - 3. Let d be f(6). Let w be 1*(-24)/d*(-35)/14. Suppose -2*n = 3*h - 243, w*h - 57 = 3*n - 396. What is the hundreds digit of n?
1
Suppose -31*k = -62819 - 20819. What is the tens digit of k?
9
Let j = -4907 - -13320. What is the units digit of j?
3
Let t(u) = 22*u + 26. Let d be t(-3). Let n = 544 - d. What is the units digit of n?
4
Let h = 11867 + -7365. What is the thousands digit of h?
4
Let o(y) = y**3 + 22*y**2 + 10*y + 20. Suppose 3*c - 2*r + 47 = 0, 32 = -3*c - 2*r - 11. What is the tens digit of o(c)?
4
Let d be (-7)/14*-7*(3 + 1). Suppose -d*p = -1528 - 2658. What is the tens digit of p?
9
Let x(s) = 5*s**3 - 348*s**2 - 64*s - 39. What is the units digit of x(70)?
1
Suppose -4*p + 7 = -r, 0 = -r + p - 5*p + 1. Let b(d) = -d**3 + 11*d**2 - 13*d + 12. Let i be b(10). What is the units digit of 6*82*r/i?
2
Let m be 12 + 40/8*(-3)/(-3). Let w(c) = 2*c**3 - 33*c**2 + 18*c - 17. What is the units digit of w(m)?
8
Suppose v = 5*t + 2 - 18, -2*v - 7 = -5*t. Suppose v*j = -225 + 2727. What is the units digit of j?
8
Suppose -71*u + 49979 = -23*u - 25*u. What is the thousands digit of u?
2
Let n = -59 + 93. Suppose n*r + 9440 = 42*r. What is the tens digit of r?
8
Let p(x) = -554*x - 531. What is the units digit of p(-15)?
9
Suppose 2*b + 45 = y, 7*b = 2*b + 4*y - 120. What is the tens digit of 24/b*930/(-6)?
8
Suppose 169*j + 2 = 171*j. Let c = -64 - -97. Let y = j + c. What is the units digit of y?
4
Let q be 845 + 7/(63/6)*3. Suppose -3*k + c + q = k, -3*c = 5*k - 1046. What is the units digit of k?
1
Let k(x) be the third derivative of 11*x**2 + 0*x - 1/6*x**3 + 0 + 1/120*x**6 + 1/2*x**4 - 1/10*x**5. What is the units digit of k(5)?
4
Let g be 1*(-5)/25 - (-5346)/5. Let l = -519 + g. What is the tens digit of l?
5
Let o(n) be the second derivative of 0 - 5/3*n**3 + 5*n - 1/12*n**4 + 11*n**2. What is the units digit of o(-11)?
1
Let i = -56 - 49. Let r = i + 134. What is the units digit of r?
9
Suppose 19*j - 238 = 199. Suppose -j*p = -11*p - 24. What is the units digit of p?
2
Let d(s) = s**2 + 2*s + 3. Let h be d(0). Let t be (-1 - -13)*1/(h - 1). Suppose -t*b + b = -260. What is the units digit of b?
2
Let n = -4752 + 9519. What is the units digit of n?
7
Let m(j) = 11005*j - 257. What is the tens digit of m(1)?
4
Let q(j) = 2*j**3 + 63*j**2 + 10*j + 59. What is the tens digit of q(-31)?
1
Let m(p) = 6*p + 25. Let j be m(-3). Suppose 6*k + 296 = j*k. What is the units digit of k?
6
Let m be 0/(1*-3 + (-70)/(-14)). What is the hundreds digit of (-6 + 482 - 11)*(1 - m)?
4
Let g be -12 + 16 - (2 + 0). Suppose 0 = 3*m + g*m + q - 3243, 0 = -5*m + 2*q + 3234. What is the units digit of m?
8
Suppose 5*l - 4266 + 12796 = 5*m, 0 = 5*m + l - 8524. Suppose -5*c + 4*p + m = 0, -p - 682 = -2*c - 3*p. What is the hundreds digit of c?
3
Let o be 2*(-5)/(-30)*12. Let u be (1 - (-2 + o)) + 13. Suppose 0 = -u*x + 5*x + 672. What is the units digit of x?
6
Let s(j) = -131*j + 49. Let i be s(2). What is the hundreds digit of (-18)/(-6) - -2 - i?
2
Let o(q) = 56 - 17 + 5*q - 10*q. Let v = -355 + 349. What is the tens digit of o(v)?
6
Suppose -2*i + 2*t + t - 18 = 0, 10 = -i + 2*t. Let l be (36/(-27))/(